21 + -76 + 90 + 36.
71
What is -95 + 115 - -87 - 60?
47
What is the value of 9526 + -9519 + 28 + 1?
36
649 - 649 - (-19 - -1) - 32
-14
-13 + 1 - (6 - (27 - -2 - (-69 + 83)))
-3
Calculate 35 - (78 - 37) - ((4 - 2) + 34).
-42
Calculate -136 + 19 + -87 + 156.
-48
What is the value of -21 + (27 + -42 - (17 - 1))?
-52
Calculate 2 - (2 + 199 + -140 + (-2 - -1)).
-58
62 - 68 - (10 + 3) - -10 - (-41 - 1)
33
Evaluate (-576 - -614) + (-6 - (0 + 4 + -9)) + 1.
38
Evaluate 13 + -17 - (-92 + 43 + (-7 - 3)).
55
What is 20 - 4 - (316 + -286)?
-14
Calculate -144129 + 144193 - (-1 - (-1 + 1)).
65
(-996 - -1007 - (-2 - 77 - -2)) + -3
85
What is the value of -62000 - -62011 - (-32 + -1 + 1)?
43
16 - (-4 + (-252 - -219 - (-3 + -9)))
41
What is the value of (-24 + 6 - 12) + -65 + 82 + 8?
-5
Evaluate -7 - ((1 - (-1 - 7)) + 1109 + -1123 + 69).
-71
What is the value of 40 + -73 + 30 + (-1 - -131)?
127
Evaluate -21 + 49 + -2 + 12 + (20 - 18).
40
Calculate 158 + -146 + 181 + -110.
83
What is the value of -3 + 7 - (6 - (-5 + -5 - 13))?
-25
Evaluate -52 + 56 + -5 + 3 + -2 + 14.
14
Calculate (72 - -7) + (-836 - -777).
20
What is the value of 2 + -3 + 97 + (-29 - (-40 - -21))?
86
What is the value of -20 - ((-15 - -12) + -23 + 8)?
-2
(50 - -86 - 75 - 50) + 0 + -6
5
What is -24 + 38 + -14 + (47 - ((-2 - -2) + 2))?
45
What is the value of -70 + 26 + -43 + 54?
-33
Calculate (23 - (36 - 23)) + (30 - 3).
37
What is the value of -6 + (14 - (76 - 84 - (-6 + -1) - 4))?
13
Calculate 0 + -8 + (-89 + 13 - -33 - -32).
-19
Calculate (5 + -8 - 7) + 16 - (-27 - -17).
16
What is 89 - (73 - (27 + -6))?
37
What is (-1 - (-2 - -6)) + 3 + 54 + (15 - 5)?
62
Calculate -38 + 45 + -6 - -31.
32
Evaluate (-5317 - -5151 - (0 - 1 - -4)) + 22.
-147
Calculate -2 + (10 - (7 + (-13 - -15) + -8)).
7
What is 4 - (-12 - (-17 + 1))?
0
2 - (-15 - (-3 - -13 - 16))
11
Evaluate -1917 + 1915 - (42 + 0 + 0 + 0) - -4.
-40
What is the value of (4 + 13 - (2 - -4)) + -14 - -16?
13
Calculate -1 + -6 + (-512 - -528) - (-1 - 62).
72
What is (-32 - -34) + -39 + 11 + 2 + 6?
-18
What is the value of 1 + (1 - 6) - 2 - (50 - -25 - 42)?
-39
-9 - ((-25 - -48) + -26)
-6
Calculate -12 - (1 - 2) - (-9040 - -9082).
-53
Calculate 5 + -1 + -40 + (11 - (-11 - -11)) - -5.
-20
What is (0 - 2) + (-36 + -17 + 7 - (0 - 9))?
-39
12 + -43 - (28 - 30 - (2 + -1))
-28
Evaluate (-3 - -16) + (-25 - 7) + -24.
-43
-19 + (2 + 16 - -12) - (136 + 5 - -4)
-134
What is 30 - (22 + (24 + -44 - -17))?
11
Calculate -1 + -41 - (-18669 + 18698).
-71
Evaluate 51 + 1 + -74 + 111.
89
What is the value of 5 - ((-20 - -37) + -20 - -16)?
-8
-37 + -20 + (2 - (0 - 34))
-21
32 + -15 + 32 + -8 + (-8 + 11 - 4)
40
What is (-10 - -6) + 12 - ((6 - 6) + -8 + 115)?
-99
Evaluate 76 + -77 - ((-3 - -1) + 2 - (9 + 22)).
30
What is 124 - 154 - (-111 - 6)?
87
What is the value of -20 - (-320 + 151) - 109?
40
What is 61 - ((-8 - 48) + 78)?
39
What is the value of 26 + 6 + -6 + (-2 - (4 + -8 - 4))?
32
Calculate -8 + (-36 - (0 + 2 + -3 - (-10 - -4))).
-49
(-32 - -31) + 20 - -3 - 79
-57
-54 - 1 - (318 + -337 + 12 + 0 - 3)
-45
Calculate -14 + 14 - (38 - 1 - (10 + (-28 - -13))).
-42
Evaluate -43 + 49 - (-47 + 27).
26
Calculate 7 - (-53 + (11 - 16)) - ((17 - 11) + -9).
68
-50 + (-23 - -3) + 7 + (-8 - -5)
-66
What is the value of -65 + (16 - (7 - 0) - (5 - (2 - 4)))?
-63
Calculate 12 - (-9 - (-12 + -6)) - (-14 + (66 - -10)).
-59
13 + -2 - (23 + -28 + -22 + -13)
51
Calculate 67 + -2 + (13 - -2) + -12 - (4 + -9).
73
What is the value of 139 + -173 - (-10 + (-2 - 0) - 0)?
-22
What is 30 + 13 - (26 + (16 - 29))?
30
What is 0 - 50 - (1 + (-9 - -14))?
-56
What is -2 + -6 + 4 - (-244 - -181 - (0 - 13))?
46
Calculate -108 + -102 + 191 + -99.
-118
What is -35 - ((33 - 11) + -12 - 4 - 5)?
-36
85 - (-68 + (-29 - -70) + -9)
121
Evaluate (1 + -2 - 9) + (-12 - ((20 - 13) + 7)).
-36
Evaluate (13 - 31) + -15 + 2 + 17.
-14
Calculate -10 - (-52 + (46 - 24) + -29).
49
Evaluate -8 + 1 - ((10 - -8 - -14) + -27).
-12
Calculate (2 + 3 + -103 - -10) + 10 + 4.
-74
What is the value of -29 - (13 - -5 - 36) - -50?
39
-8364 + 8341 - (1 - 50)
26
What is the value of -17 + (-48 - (-2 + -32)) - -161?
130
Calculate -23 - -44 - ((135 + -1 - 9) + 7).
-111
((-3 - 44) + -51 - -25) + (1 - -9)
-63
Evaluate -87 + (13 + -5 + -37 - -31).
-85
What is the value of (37 - 8) + (-14 - (36 + -53))?
32
Calculate -63 + (34 - 56) - -43.
-42
What is (-19 - (47 + -72)) + 2 + -1 + -44?
-37
Calculate (13 - (-9 + 2 + 47 + -19)) + 94.
86
What is 6 + 2 - 18 - (-21 - -11) - 36?
-36
What is the value of (8 - (2 - (4 - 3))) + 140 + -138?
9
Evaluate -1 + -2 + 4 - (-112 + 195) - -11.
-71
-27 - 208 - -249 - (7 - (-3 + 0 + 1))
5
Evaluate -2 + -24 + -2244 + 2336.
66
What is (-6 - (-14 - -11)) + 69 + -5 + -3?
58
Calculate -115 + 33 + 18 + (-102 - -31).
-135
What is the value of -2 + (-17 + 25 - (33 + -8 + -7 + 3))?
-15
Calculate -8 - (-5 - 30) - (128 - 159).
58
What is the value of 1 + 32 + -1154 + 1118 + (23 - 1)?
19
Calculate 2 + -10 - (-2 - 2 - (-24 - -22 - -13)).
7
Calculate 0 - -14 - (24 - (-62 + 75)).
3
Calculate -28 - (3 - (-22 - -32)) - -24.
3
Calculate 22 - (-41 + (19 + -6 - (27 + -14))).
63
Evaluate 8 + 31 + -76 - 1 - -32.
-6
What is -26 + -44 + 25 + -12?
-57
12 - (-9 + 2 + 15 - 6) - 24 - 10
-24
What is the value of 7 + -3 + 4 - (-499 + 497)?
10
What is the value of -4 + (-43 - -11) - (2 + 13 + -8 + 1)?
-44
Calculate -16 + (103 - (-11 - (27 - 15))).
110
What is 2 + 1 + (38 - (0 + 82 + -49))?
8
(198 - 197) + (-1 - -4) + 6
10
Evaluate 5 + (0 - (4 - -1)) - (50 + -58).
8
What is the value of (-1 - 24) + 236 + -72 + -125?
14
What is (-2 - -9) + 0 - ((-1 - -11) + -11 - -7)?
1
Calculate (41 - 22 - (19 - 5)) + 45.
50
Calculate 2 + 1 + 34 + -8 + -2 - -1 - -7.
35
What is the value of (-1 - (13 - -2) - 13) + -18?
-47
Calculate (7 - (-25 - -23) - 69) + 5.
-55
What is -7 - (-48 - -19 - -14 - -16)?
-8
What is the value of 78 - (8 - (-39 - (-4 + -41)))?
76
604 - 584 - (0 - (-6 + 1))
15
Evaluate -15 + (-19 - (-82 - -10)) + 1.
39
Calculate -1 + (-36 - 1) - (-48 - -38).
-28
34 + (-13 - 31) + -3
-13
Calculate (20 - (-21 + 28)) + -3 + 49.
59
-3 + 5 + 14 + (7 - (4 + -9 + 3))
25
What is the value of (2984 - 3047 - (-60 - -1)) + -38 + 1?
-41
Evaluate (4 - (13 + -8)) + (6 - 5 - 7).
-7
What is the value of (134 + -308 - -100) + (1 - -39)?
-34
What is 29 + (-8 - -15 - 31) + 4 + -1?
8
What is the value of 92 + -105 + 7 + (-12 - (-1 - -2))?
-19
21 + -4 - 27 - (1 - 54)
43
What is ((16 - (1 - (2 - 7))) + 21 - -2) + 12?
45
What is the value of 28 - ((348 - 209) + (-28 - 3))?
-80
Evaluate -6 - -12 - (64 - (-8 - -58)).
-8
Calculate -71 + -3 + (-15 + (2 - 0) - (151 - 167)).
-71
Calculate -47 + 76 + 9 + -17 + -4 + -1.
16
What is -1 + -4 - (23 + -35) - (46 - 1)?
-38
12 - 2 - ((2 - (-6 + -1)) + 117)
-116
What is the value of 18 - ((95 - -1) + -20 - 8)?
-50
What is 0 + -4 + 3 + -15 - (-19 - 126)?
129
Calculate (59 - -31 - 50) + (2 - (1 + 13)).
28
What is the value of 0 + 0 + (1 + -23 - (-16 - 1)) - 55?
-60
Evaluate -25 + -28 + (22 - 3 - 9).
-43
Evaluate 45 + -43 + (-6 + -2 + -1 - 5).
-12
What is -20 + (0 - 11 - (5 - (-2 - -8))) - -3?
-27
-11 - 0 - (-23 + 5 + -31 + 7)
31
What is the value of -52 - ((6 - 13 - 7) + 10)?
-48
Evaluate (2 - -2) + 12 + -9 + -11 - 31.
-35
Evaluate (20 + -8 - (26 - (2 - 6))) + 10.
-8
What is the value of (121 - 1) + -417 + 454?
157
63 + (11 + 3 + -41 - -7)
43
Evaluate -7 - (6 - (11 + -7)) - (33 - 1).
-41
What is the value of 16 + -65 + (-1 - -83)?
33
Evaluate 99 + -44 + 59 - 109.
5
What is -12 - (-104 + 165 + -6 - (1 + -7))?
-73
12 - (-131 + 123 + (-80 + (-3 - -2) - -3))
98
Calculate 22 - (20 - -1) - -7 - -19.
27
Evaluate -525 + 527 - (65 - (-1 - -1)).
-63
What is the value of -11 - (0 + -49 + (-18 - (-64 - -47)))?
39
(-5 - -34) + -33 + 17 + -21
-8
-9 + 0 + 3 + (31 - 6 - -10)
29
Evaluate -19 + (4 - -16) + -101 - 3.
-103
What is the value of (18 - (7 + 4)) + -74 - (10 - 8)?
-69
5 + 36 + -32 - (13 - 80)
76
-5 - 0 - 6 - ((91 - 113) + (-2 - 47))
60
Calculate -27407 + 27363 + (28 - 1) + 0.
-17
Evaluate 102 + (-4 + (-7 - -12) - -14 - -7).
124
What is 92 - (-4 - -38) - (14 - 8)?
52
What is -22 + (119 - (71 + -39))?
65
What is 37 - (3 - -57 - (3 + 26))?
6
Calculate -1 + 3 + 1 + 1 + -19 + (10691 - 10695).
-19
What is the value of (44 - 95) + -97 + 168?
20
Calcu